{"id":640,"date":"2021-04-20T16:04:13","date_gmt":"2021-04-20T16:04:13","guid":{"rendered":"http:\/\/interstem.eu\/index.php\/homepage-romana\/"},"modified":"2021-05-03T14:35:41","modified_gmt":"2021-05-03T14:35:41","slug":"homepage-romana","status":"publish","type":"page","link":"https:\/\/interstem.eu\/index.php\/ro\/","title":{"rendered":"Homepage &#8211; Rom\u00e2n\u0103"},"content":{"rendered":"\n<div class=\"wp-block-group alignfull has-background-light-background-color has-background\"><div class=\"wp-block-group__inner-container is-layout-flow wp-block-group-is-layout-flow\">\n<h6 class=\"has-secondary-color has-text-color wp-block-heading\"><img loading=\"lazy\" decoding=\"async\" width=\"300\" height=\"118\" class=\"wp-image-208\" style=\"width: 300px;\" src=\"https:\/\/interstem.eu\/wp-content\/uploads\/2021\/01\/Erasmus2-1.png\" alt=\"\" srcset=\"https:\/\/interstem.eu\/wp-content\/uploads\/2021\/01\/Erasmus2-1.png 960w, https:\/\/interstem.eu\/wp-content\/uploads\/2021\/01\/Erasmus2-1-300x118.png 300w, https:\/\/interstem.eu\/wp-content\/uploads\/2021\/01\/Erasmus2-1-768x301.png 768w\" sizes=\"auto, (max-width: 300px) 100vw, 300px\" \/> <\/h6>\n\n\n\n<p><p class=\"has-custom-font\" style=\"font-family:Roboto\"><span style=\"color:#4167e5\" class=\"has-inline-color\"><strong>KA2 &#8211; Cooperare pentru inovare \u0219i schimb de bune practici    <br>KA201 &#8211; Parteneriate strategice pentru educa\u021bia \u0219colar\u0103<\/strong><\/span><\/p><\/p>\n\n\n\n<p><p class=\"has-custom-font\" style=\"font-family:Roboto\"><span style=\"color:#00a32e\" class=\"has-inline-color\">Titlul proiectului:<\/span> <span style=\"color:#00a33b\" class=\"has-inline-color\">Utilizarea interdisciplinar\u0103 a \u0219tiin\u021bei, tehnologiei, ingineriei \u0219i matematicii (STEM) pentru predarea disciplinelor non-STEM \u00een \u00eenv\u0103\u021b\u0103m\u00e2ntul obligatoriu<\/span> <br><span style=\"color:#00a337\" class=\"has-inline-color\">N\u00b0 2020-1-FR01-KA201-080015  <\/span><\/p><\/p>\n\n\n\n<div class=\"wp-block-columns is-layout-flex wp-container-core-columns-is-layout-9d6595d7 wp-block-columns-is-layout-flex\">\n<div class=\"wp-block-column is-layout-flow wp-block-column-is-layout-flow\" style=\"flex-basis:80%\"><\/div>\n\n\n\n<div class=\"wp-block-column is-layout-flow wp-block-column-is-layout-flow\" style=\"flex-basis:20%\">\n<div class=\"wp-block-buttons is-layout-flex wp-block-buttons-is-layout-flex\">\n<div class=\"wp-block-button is-style-default\"><a class=\"wp-block-button__link has-background-color has-secondary-background-color has-text-color has-background\" href=\"https:\/\/ec.europa.eu\/programmes\/erasmus-plus\/node_en\" target=\"_blank\" rel=\"noreferrer noopener\">Afla\u021bi despre Erasmus+<\/a><\/div>\n<\/div>\n<\/div>\n<\/div>\n<\/div><\/div>\n\n\n\n<div class=\"wp-block-cover alignfull\"><img loading=\"lazy\" decoding=\"async\" width=\"1686\" height=\"1128\" class=\"wp-block-cover__image-background wp-image-227\" alt=\"\" src=\"https:\/\/interstem.eu\/wp-content\/uploads\/2021\/01\/InterSTEM.jpg\" style=\"object-position:50% 1%\" data-object-fit=\"cover\" data-object-position=\"50% 1%\" srcset=\"https:\/\/interstem.eu\/wp-content\/uploads\/2021\/01\/InterSTEM.jpg 1686w, https:\/\/interstem.eu\/wp-content\/uploads\/2021\/01\/InterSTEM-300x201.jpg 300w, https:\/\/interstem.eu\/wp-content\/uploads\/2021\/01\/InterSTEM-1024x685.jpg 1024w, https:\/\/interstem.eu\/wp-content\/uploads\/2021\/01\/InterSTEM-768x514.jpg 768w, https:\/\/interstem.eu\/wp-content\/uploads\/2021\/01\/InterSTEM-1536x1028.jpg 1536w, https:\/\/interstem.eu\/wp-content\/uploads\/2021\/01\/InterSTEM-1568x1049.jpg 1568w\" sizes=\"auto, (max-width: 1686px) 100vw, 1686px\" \/><div class=\"wp-block-cover__inner-container is-layout-flow wp-block-cover-is-layout-flow\">\n<p class=\"has-text-align-center has-large-font-size\"><\/p>\n<\/div><\/div>\n\n\n\n<div class=\"wp-block-group alignfull\"><div class=\"wp-block-group__inner-container is-layout-flow wp-block-group-is-layout-flow\">\n<h2 class=\"has-text-align-left wp-block-heading\">Ce spun speciali\u0219tii despre educa\u021bie:<\/h2>\n\n\n\n<div style=\"height:20px\" aria-hidden=\"true\" class=\"wp-block-spacer\"><\/div>\n\n\n\n<div class=\"wp-block-columns has-2-columns is-layout-flex wp-container-core-columns-is-layout-9d6595d7 wp-block-columns-is-layout-flex\">\n<div class=\"wp-block-column is-layout-flow wp-block-column-is-layout-flow\">\n<blockquote class=\"wp-block-quote is-layout-flow wp-block-quote-is-layout-flow\"><p>Lumea se schimb\u0103 \u00eentr-un ritm rapid \u0219i devine din ce \u00een ce mai complex\u0103. Aceste provoc\u0103ri necesit\u0103 solu\u021bii interdisciplinare care pot fi create \u0219i aplicate de c\u0103tre profesori ecu o viziune interdisciplinar\u0103. <\/p><cite>Universitatea din Amsterdam<\/cite><\/blockquote>\n<\/div>\n\n\n\n<div class=\"wp-block-column is-layout-flow wp-block-column-is-layout-flow\">\n<blockquote class=\"wp-block-quote is-layout-flow wp-block-quote-is-layout-flow\"><p>Dac\u0103 nu schimb\u0103m modul \u00een care \u00eei \u00eenv\u0103\u021b\u0103m pe copiii no\u0219tri, peste 30 de ani vom avea mari probleme.<\/p><cite>Jack Ma,  pre\u0219edintele executiv al companiei de comer\u021b electronic Alibaba<\/cite><\/blockquote>\n\n\n\n<p><\/p>\n<\/div>\n<\/div>\n<\/div><\/div>\n\n\n\n<div class=\"wp-block-cover has-background-dim-70 has-foreground-dark-background-color has-background-dim alignfull\"><img loading=\"lazy\" decoding=\"async\" width=\"1690\" height=\"1125\" class=\"wp-block-cover__image-background wp-image-261\" alt=\"\" src=\"https:\/\/interstem.eu\/wp-content\/uploads\/2021\/01\/Chemistry-Interstem.jpg\" style=\"object-position:8% 54%\" data-object-fit=\"cover\" data-object-position=\"8% 54%\" srcset=\"https:\/\/interstem.eu\/wp-content\/uploads\/2021\/01\/Chemistry-Interstem.jpg 1690w, https:\/\/interstem.eu\/wp-content\/uploads\/2021\/01\/Chemistry-Interstem-300x200.jpg 300w, https:\/\/interstem.eu\/wp-content\/uploads\/2021\/01\/Chemistry-Interstem-1024x682.jpg 1024w, https:\/\/interstem.eu\/wp-content\/uploads\/2021\/01\/Chemistry-Interstem-768x511.jpg 768w, https:\/\/interstem.eu\/wp-content\/uploads\/2021\/01\/Chemistry-Interstem-1536x1022.jpg 1536w, https:\/\/interstem.eu\/wp-content\/uploads\/2021\/01\/Chemistry-Interstem-1568x1044.jpg 1568w\" sizes=\"auto, (max-width: 1690px) 100vw, 1690px\" \/><div class=\"wp-block-cover__inner-container is-layout-flow wp-block-cover-is-layout-flow\">\n<div class=\"wp-block-columns is-layout-flex wp-container-core-columns-is-layout-9d6595d7 wp-block-columns-is-layout-flex\">\n<div class=\"wp-block-column is-layout-flow wp-block-column-is-layout-flow\">\n<p><\/p>\n\n\n\n<h1 class=\"has-custom-font has-text-color wp-block-heading\" style=\"color:#025b31\"><span style=\"color:#ca2017\" class=\"has-inline-color\"><a href=\"https:\/\/interstem.eu\/index.php\/ro\/partenerii-proiectului\/\">Despre noi<\/a><\/span><\/h1>\n\n\n\n<p><\/p>\n<\/div>\n\n\n\n<div class=\"wp-block-column is-layout-flow wp-block-column-is-layout-flow\">\n<h4 class=\"wp-block-heading\"><\/h4>\n<\/div>\n\n\n\n<div class=\"wp-block-column is-layout-flow wp-block-column-is-layout-flow\"><\/div>\n<\/div>\n\n\n\n<p><\/p>\n<\/div><\/div>\n\n\n\n<p><\/p>\n","protected":false},"excerpt":{"rendered":"<p>KA2 &#8211; Cooperare pentru inovare \u0219i schimb de bune practici KA201 &#8211; Parteneriate strategice pentru educa\u021bia \u0219colar\u0103 Titlul proiectului: Utilizarea interdisciplinar\u0103 a \u0219tiin\u021bei, tehnologiei, ingineriei \u0219i matematicii (STEM) pentru predarea disciplinelor non-STEM \u00een \u00eenv\u0103\u021b\u0103m\u00e2ntul obligatoriu N\u00b0 2020-1-FR01-KA201-080015 Ce spun speciali\u0219tii despre educa\u021bie: Lumea se schimb\u0103 \u00eentr-un ritm rapid \u0219i devine din ce \u00een ce mai &hellip; <a href=\"https:\/\/interstem.eu\/index.php\/ro\/\" class=\"more-link\">Continue reading <span class=\"screen-reader-text\">Homepage &#8211; Rom\u00e2n\u0103<\/span><\/a><\/p>\n","protected":false},"author":1,"featured_media":0,"parent":0,"menu_order":0,"comment_status":"closed","ping_status":"closed","template":"","meta":{"footnotes":""},"class_list":["post-640","page","type-page","status-publish","hentry"],"_links":{"self":[{"href":"https:\/\/interstem.eu\/index.php\/wp-json\/wp\/v2\/pages\/640","targetHints":{"allow":["GET"]}}],"collection":[{"href":"https:\/\/interstem.eu\/index.php\/wp-json\/wp\/v2\/pages"}],"about":[{"href":"https:\/\/interstem.eu\/index.php\/wp-json\/wp\/v2\/types\/page"}],"author":[{"embeddable":true,"href":"https:\/\/interstem.eu\/index.php\/wp-json\/wp\/v2\/users\/1"}],"replies":[{"embeddable":true,"href":"https:\/\/interstem.eu\/index.php\/wp-json\/wp\/v2\/comments?post=640"}],"version-history":[{"count":2,"href":"https:\/\/interstem.eu\/index.php\/wp-json\/wp\/v2\/pages\/640\/revisions"}],"predecessor-version":[{"id":764,"href":"https:\/\/interstem.eu\/index.php\/wp-json\/wp\/v2\/pages\/640\/revisions\/764"}],"wp:attachment":[{"href":"https:\/\/interstem.eu\/index.php\/wp-json\/wp\/v2\/media?parent=640"}],"curies":[{"name":"wp","href":"https:\/\/api.w.org\/{rel}","templated":true}]}}