{"id":134,"date":"2021-01-30T21:32:23","date_gmt":"2021-01-30T19:32:23","guid":{"rendered":"https:\/\/interstem.education\/?page_id=134"},"modified":"2022-09-16T08:30:35","modified_gmt":"2022-09-16T08:30:35","slug":"productions","status":"publish","type":"page","link":"https:\/\/interstem.eu\/index.php\/fr\/productions\/","title":{"rendered":"Productions"},"content":{"rendered":"\n<div class=\"wp-block-media-text alignwide has-media-on-the-right is-stacked-on-mobile\" style=\"grid-template-columns:auto 25%\"><figure class=\"wp-block-media-text__media\"><a href=\".Inventaire Europ\u00e9en des m\u00e9thodes d'enseignement bas\u00e9es sur la narration et des techniques de ludification, des m\u00e9thodes d'enseignement interdisciplinaires et des outils (STEM) utilis\u00e9s dans l'enseignement obligatoire.\"><img loading=\"lazy\" decoding=\"async\" width=\"241\" height=\"261\" src=\"https:\/\/interstem.eu\/wp-content\/uploads\/2021\/05\/IO1-InterSTEM_FR.png\" alt=\"\" class=\"wp-image-791 size-full\"\/><\/a><\/figure><div class=\"wp-block-media-text__content\">\n<p class=\"has-medium-font-size\">1<a href=\"https:\/\/drive.google.com\/file\/d\/1mN6Ocu0Z_B7M8pO_6zJOmr1iJ0-LFivG\/view?usp=sharing\">.<strong>Inventaire Europ\u00e9en des m\u00e9thodes d&#8217;enseignement bas\u00e9es sur la narration et des techniques de ludification, des m\u00e9thodes d&#8217;enseignement interdisciplinaires et des outils (STEM) utilis\u00e9s dans l&#8217;enseignement obligatoire.<\/strong><\/a><\/p>\n<\/div><\/div>\n\n\n\n<div class=\"wp-block-media-text alignwide has-media-on-the-right is-stacked-on-mobile\" style=\"grid-template-columns:auto 25%\"><figure class=\"wp-block-media-text__media\"><a href=\"https:\/\/drive.google.com\/file\/d\/1mHEqHtTwW5v8NTgFyzS_hogsFv84UInp\/view?usp=sharing\"><img loading=\"lazy\" decoding=\"async\" width=\"332\" height=\"369\" src=\"https:\/\/interstem.eu\/wp-content\/uploads\/2021\/10\/IO2_FR.png\" alt=\"\" class=\"wp-image-957 size-full\" srcset=\"https:\/\/interstem.eu\/wp-content\/uploads\/2021\/10\/IO2_FR.png 332w, https:\/\/interstem.eu\/wp-content\/uploads\/2021\/10\/IO2_FR-270x300.png 270w\" sizes=\"auto, (max-width: 332px) 100vw, 332px\" \/><\/a><\/figure><div class=\"wp-block-media-text__content\">\n<p class=\"has-medium-font-size\" style=\"font-style:normal;font-weight:700\">2. <a href=\"https:\/\/drive.google.com\/file\/d\/1mHEqHtTwW5v8NTgFyzS_hogsFv84UInp\/view?usp=sharing\">M\u00e9thodologie pour le processus d&#8217;enseignement des sciences sociales<br>(non-STEM) dans la formation obligatoire, par le biais de techniques<br>de narration et de gamification pour faciliter l&#8217;apprentissage exp\u00e9rientiel<br>immersif bas\u00e9es sur les sciences dures (STEM)<\/a><\/p>\n<\/div><\/div>\n\n\n\n<div class=\"wp-block-media-text alignwide has-media-on-the-right is-stacked-on-mobile\" style=\"grid-template-columns:auto 25%\"><figure class=\"wp-block-media-text__media\"><img loading=\"lazy\" decoding=\"async\" width=\"612\" height=\"266\" src=\"https:\/\/interstem.eu\/wp-content\/uploads\/2022\/07\/educational-game-3.jpg\" alt=\"\" class=\"wp-image-1192 size-full\" srcset=\"https:\/\/interstem.eu\/wp-content\/uploads\/2022\/07\/educational-game-3.jpg 612w, https:\/\/interstem.eu\/wp-content\/uploads\/2022\/07\/educational-game-3-300x130.jpg 300w\" sizes=\"auto, (max-width: 612px) 100vw, 612px\" \/><\/figure><div class=\"wp-block-media-text__content\">\n<p class=\"has-medium-font-size\"><strong><a href=\"https:\/\/interstem.eu\/index.php\/fr\/le-jeu-serieux-interstem-jai-vecu-la-revolution-francaise\/\" target=\"_blank\" rel=\"noreferrer noopener\">3. Le jeu s\u00e9rieux InterSTEM qui utilise les STEM pour enseigner des mati\u00e8res non STEM dans l&#8217;enseignement obligatoire<\/a><\/strong><\/p>\n<\/div><\/div>\n\n\n\n<div class=\"wp-block-columns is-layout-flex wp-container-core-columns-is-layout-9d6595d7 wp-block-columns-is-layout-flex\">\n<div class=\"wp-block-column is-layout-flow wp-block-column-is-layout-flow\">\n<div class=\"wp-block-media-text alignwide has-media-on-the-right is-stacked-on-mobile\" style=\"grid-template-columns:auto 25%\"><figure class=\"wp-block-media-text__media\"><a href=\"https:\/\/drive.google.com\/file\/d\/1GADDqeCnLxpflAJDadYCOUQ-Q4rv8ejr\/view?usp=sharing\"><img loading=\"lazy\" decoding=\"async\" width=\"691\" height=\"983\" src=\"https:\/\/interstem.eu\/wp-content\/uploads\/2022\/07\/IO4-FR.png\" alt=\"\" class=\"wp-image-1071 size-full\" srcset=\"https:\/\/interstem.eu\/wp-content\/uploads\/2022\/07\/IO4-FR.png 691w, https:\/\/interstem.eu\/wp-content\/uploads\/2022\/07\/IO4-FR-211x300.png 211w\" sizes=\"auto, (max-width: 691px) 100vw, 691px\" \/><\/a><\/figure><div class=\"wp-block-media-text__content\">\n<p class=\"has-medium-font-size\" style=\"font-style:normal;font-weight:700\"><a rel=\"noreferrer noopener\" href=\"https:\/\/drive.google.com\/file\/d\/1GADDqeCnLxpflAJDadYCOUQ-Q4rv8ejr\/view?usp=sharing\" data-type=\"URL\" data-id=\"https:\/\/drive.google.com\/file\/d\/1GADDqeCnLxpflAJDadYCOUQ-Q4rv8ejr\/view?usp=sharing\" target=\"_blank\">4. Tutoriel sur la mani\u00e8re d&#8217;utiliser et d&#8217;adapter le jeu s\u00e9rieux InterSTEM aux diff\u00e9rentes tranches d&#8217;\u00e2ge des \u00e9l\u00e8ves de l&#8217;enseignement obligatoire<\/a><\/p>\n<\/div><\/div>\n<\/div>\n<\/div>\n\n\n\n<div class=\"wp-block-media-text alignwide has-media-on-the-right is-stacked-on-mobile\" style=\"grid-template-columns:auto 25%\"><figure class=\"wp-block-media-text__media\"><a href=\"https:\/\/drive.google.com\/file\/d\/1EgruCwS7chCX00kegWwWne-Jnsed-mHI\/view?usp=sharing\"><img loading=\"lazy\" decoding=\"async\" width=\"605\" height=\"850\" src=\"https:\/\/interstem.eu\/wp-content\/uploads\/2022\/07\/IO5-FR.png\" alt=\"\" class=\"wp-image-1082 size-full\" srcset=\"https:\/\/interstem.eu\/wp-content\/uploads\/2022\/07\/IO5-FR.png 605w, https:\/\/interstem.eu\/wp-content\/uploads\/2022\/07\/IO5-FR-214x300.png 214w\" sizes=\"auto, (max-width: 605px) 100vw, 605px\" \/><\/a><\/figure><div class=\"wp-block-media-text__content\">\n<p class=\"has-medium-font-size\" style=\"font-style:normal;font-weight:700\"><a rel=\"noreferrer noopener\" href=\"https:\/\/drive.google.com\/file\/d\/1EgruCwS7chCX00kegWwWne-Jnsed-mHI\/view?usp=sharing\" data-type=\"URL\" data-id=\"https:\/\/drive.google.com\/file\/d\/1EgruCwS7chCX00kegWwWne-Jnsed-mHI\/view?usp=sharing\" target=\"_blank\">5. Lignes directrices et recommandations pour l&#8217;adaptation des jeux s\u00e9rieux interdisciplinaires InterSTEM \u00e0 diff\u00e9rents groupes cibles d&#8217;apprenants et de personnel<\/a> <a rel=\"noreferrer noopener\" href=\"https:\/\/drive.google.com\/file\/d\/1EgruCwS7chCX00kegWwWne-Jnsed-mHI\/view?usp=sharing\" data-type=\"URL\" data-id=\"https:\/\/drive.google.com\/file\/d\/1EgruCwS7chCX00kegWwWne-Jnsed-mHI\/view?usp=sharing\" target=\"_blank\">enseignant, impliqu\u00e9s dans l&#8217;enseignement obligatoire \u00e0 diff\u00e9rents niveaux.<\/a><\/p>\n<\/div><\/div>\n","protected":false},"excerpt":{"rendered":"<p>1.Inventaire Europ\u00e9en des m\u00e9thodes d&#8217;enseignement bas\u00e9es sur la narration et des techniques de ludification, des m\u00e9thodes d&#8217;enseignement interdisciplinaires et des outils (STEM) utilis\u00e9s dans l&#8217;enseignement obligatoire. 2. M\u00e9thodologie pour le processus d&#8217;enseignement des sciences sociales(non-STEM) dans la formation obligatoire, par le biais de techniquesde narration et de gamification pour faciliter l&#8217;apprentissage exp\u00e9rientielimmersif bas\u00e9es sur les &hellip; <a href=\"https:\/\/interstem.eu\/index.php\/fr\/productions\/\" class=\"more-link\">Continue reading <span class=\"screen-reader-text\">Productions<\/span><\/a><\/p>\n","protected":false},"author":1,"featured_media":0,"parent":0,"menu_order":0,"comment_status":"closed","ping_status":"closed","template":"","meta":{"footnotes":""},"class_list":["post-134","page","type-page","status-publish","hentry"],"_links":{"self":[{"href":"https:\/\/interstem.eu\/index.php\/wp-json\/wp\/v2\/pages\/134","targetHints":{"allow":["GET"]}}],"collection":[{"href":"https:\/\/interstem.eu\/index.php\/wp-json\/wp\/v2\/pages"}],"about":[{"href":"https:\/\/interstem.eu\/index.php\/wp-json\/wp\/v2\/types\/page"}],"author":[{"embeddable":true,"href":"https:\/\/interstem.eu\/index.php\/wp-json\/wp\/v2\/users\/1"}],"replies":[{"embeddable":true,"href":"https:\/\/interstem.eu\/index.php\/wp-json\/wp\/v2\/comments?post=134"}],"version-history":[{"count":30,"href":"https:\/\/interstem.eu\/index.php\/wp-json\/wp\/v2\/pages\/134\/revisions"}],"predecessor-version":[{"id":1541,"href":"https:\/\/interstem.eu\/index.php\/wp-json\/wp\/v2\/pages\/134\/revisions\/1541"}],"wp:attachment":[{"href":"https:\/\/interstem.eu\/index.php\/wp-json\/wp\/v2\/media?parent=134"}],"curies":[{"name":"wp","href":"https:\/\/api.w.org\/{rel}","templated":true}]}}